{"id":15,"date":"2016-11-18T20:17:20","date_gmt":"2016-11-18T20:17:20","guid":{"rendered":"https:\/\/www.vdh.virginia.gov\/statutory-rape-prevention\/?page_id=15"},"modified":"2022-10-04T18:05:48","modified_gmt":"2022-10-04T18:05:48","slug":"paramihija","status":"publish","type":"page","link":"https:\/\/www.vdh.virginia.gov\/statutory-rape-prevention\/paramihija\/","title":{"rendered":"Paramihija"},"content":{"rendered":"<p><img decoding=\"async\" class=\"Picture_Right thumbnail alignright\" src=\"https:\/\/www.vdh.virginia.gov\/content\/uploads\/sites\/49\/2016\/11\/paramihija_001.png\" \/>Las campa\u00f1as de Gracias Pap\u00e1 y Paramihija abordan el problema del estupro y la coerci\u00f3n sexual en la poblaci\u00f3n latina (es importante observar que este es un problema que afecta a todas las razas y etnias de Virginia).<\/p>\n<p>La mayor\u00eda de las personas piensa que estupro significa que un adulto tenga relaciones sexuales con un menor adolescente. Un adulto que tenga relaciones sexuales con un menor est\u00e1 violando la ley. La ley existe para proteger a los adolescentes contra las relaciones malsanas y sus consecuencias. El consentimiento no es el problema. De acuerdo con las leyes de Virginia un menor no puede consentir en una relaci\u00f3n sexual con un adulto.<\/p>\n<p>Siempre que un adulto tiene una relaci\u00f3n sexual con un menor la misma es una forma de explotaci\u00f3n, incluso si parece que no est\u00e1 involucrada una conducta abiertamente coercitiva. El adulto est\u00e1 usando la falta de experiencia sexual y emocional del adolescente para obtener algo de \u00e9l. Esto se llama coerci\u00f3n sexual.<\/p>\n<p>La coerci\u00f3n sexual y el estupro pueden tener consecuencias negativas graves para las v\u00edctimas. La coerci\u00f3n sexual puede conducir a un embarazo no planificado, un ajuste sicol\u00f3gico inadecuado (relaciones malsanas, baja autoestima, etc.), patrones de conducta sexual anormales (actividad sexual prematura, n\u00famero excesivo de compa\u00f1eros sexuales, etc.), y enfermedades de transmisi\u00f3n sexual. Tambi\u00e9n se ha asociado con conductas perjudiciales, tales como la deserci\u00f3n escolar, y el consumo de drogas y alcohol.<\/p>\n<p>La coerci\u00f3n sexual puede incluir o no el uso de la fuerza, las amenazas o la intimidaci\u00f3n. Puede incluir o no el uso de &#8220;drogas para la violaci\u00f3n en citas&#8221;, para facilitar la agresi\u00f3n sexual. El alcohol es la &#8220;droga para la violaci\u00f3n en citas&#8221; m\u00e1s ampliamente usada. Podr\u00edan tener lugar otras formas de coerci\u00f3n sexual en el contexto de una relaci\u00f3n abusiva. Estas formas incluyen las manifestaciones de ira, la manipulaci\u00f3n apelando a la simpat\u00eda (&#8220;no me quieres&#8221;), los celos y la posesividad, y otras conductas controladoras, incluyendo la violencia f\u00edsica.<\/p>\n<p>Es importante que los padres hablen con sus hijos sobre sus relaciones y que los hombres adultos hablen con sus amigos que est\u00e9n saliendo con una adolescente menor.<\/p>\n<h4 id=\"contentHead\">Se\u00f1ales de advertencia de una relaci\u00f3n abusiva<\/h4>\n<p><span id=\"contentHead\">Los j\u00f3venes que son objeto de abuso podr\u00edan:<\/span><\/p>\n<ul>\n<li>abandonar sus pasatiempos y otras actividades que antes disfrutaban.<\/li>\n<li>estar preocupados todo el tiempo de que su novio o novia pudieran ponerse celosos.<\/li>\n<li>alejarse de los amigos y la familia.<\/li>\n<li>pasar mucho tiempo con la persona con la que est\u00e1n saliendo.<\/li>\n<\/ul>\n<p><span id=\"contentHead\">Las personas abusadoras podr\u00edan:<\/span><\/p>\n<ul>\n<li>insultar a su novio o a su novia.<\/li>\n<li>tratar de controlar la manera como su novio o su novia se viste o se comporta.<\/li>\n<li>controlar a toda hora lo que hace la otra persona.<\/li>\n<li>perder los estribos y no estar en capacidad de controlar la ira.<\/li>\n<li>amenazar con hacer algo dr\u00e1stico si la persona con la que est\u00e1n saliendo trata de acabar la relaci\u00f3n.<\/li>\n<\/ul>\n<h4 id=\"contentHead\">Recursos<\/h4>\n<p>Virginia Sexual and Domestic Violence Action Alliance tiene recursos en espa\u00f1ol sobre este y muchos otros problemas.<\/p>\n<p>Tambi\u00e9n ofrecen la l\u00ednea de emergencia Family Violence &amp; Sexual Assault Virginia Hotline.<br \/>\nLlame al 1 (800) 838-8238 (v\/tty).<br \/>\nLa l\u00ednea de emergencia es gratuita, confidencial, y se encuentra disponible 24 horas al d\u00eda.<\/p>\n<h4><a href=\"http:\/\/espanol.loveisrespect.org\/\">loveisrespect!<\/a><\/h4>\n<p>Loveisrespect es el recurso sumo para apoderar a los j\u00f3venes para prevenir y acabar con el abuso en el noviazgo. Explore nuestro sitio de internet para obtener m\u00e1s informaci\u00f3n.<\/p>\n<p>\u00bfTienes alguna pregunta? \u00bfNecesitas de un o\u00eddo amigable que est\u00e9 dispuesto a escucharte? Estamos aqu\u00ed disponibles las 24 horas del d\u00eda, los 7 d\u00edas de la semanas. \u00a1<a href=\"http:\/\/espanol.loveisrespect.org\/obten-ayuda\/contactanos\/\">Cont\u00e1ctanos<\/a>!<\/p>\n<p><a href=\"http:\/\/www.dvalianza.org\/\">La Alianza Latina para la Erradicacion de la Violencia Domestica (Alianza)<\/a><\/p>\n<p><a href=\"http:\/\/www.arte-sana.com\/espanol_arte_sana.htm\">Arte Sana<\/a> es una agencia que existe para ayudar a nuestras comunidades a sobrevivir y prevenir la violencia a traves de la educacion comunitaria y el empoderamiento artistico\/cultural, Dripping Springs, TX.<\/p>\n","protected":false},"excerpt":{"rendered":"<p>Las campa\u00f1as de Gracias Pap\u00e1 y Paramihija abordan el problema del estupro y la coerci\u00f3n sexual en la poblaci\u00f3n latina (es importante observar que este es un problema que afecta a todas las razas y etnias de Virginia). La mayor\u00eda de las personas piensa que estupro significa que un adulto tenga relaciones sexuales con un [&hellip;]<\/p>\n","protected":false},"author":55,"featured_media":0,"parent":0,"menu_order":0,"comment_status":"closed","ping_status":"closed","template":"","meta":{"_lmt_disableupdate":"","_lmt_disable":"","footnotes":""},"tags":[],"class_list":["post-15","page","type-page","status-publish","hentry"],"yoast_head":"<!-- This site is optimized with the Yoast SEO plugin v27.4 - https:\/\/yoast.com\/product\/yoast-seo-wordpress\/ -->\n<title>Paramihija - Statutory Rape Prevention<\/title>\n<meta name=\"robots\" content=\"index, follow, max-snippet:-1, max-image-preview:large, max-video-preview:-1\" \/>\n<link rel=\"canonical\" href=\"https:\/\/www.vdh.virginia.gov\/statutory-rape-prevention\/paramihija\/\" \/>\n<meta property=\"og:locale\" content=\"en_US\" \/>\n<meta property=\"og:type\" content=\"article\" \/>\n<meta property=\"og:title\" content=\"Paramihija - Statutory Rape Prevention\" \/>\n<meta property=\"og:description\" content=\"Las campa\u00f1as de Gracias Pap\u00e1 y Paramihija abordan el problema del estupro y la coerci\u00f3n sexual en la poblaci\u00f3n latina (es importante observar que este es un problema que afecta a todas las razas y etnias de Virginia). La mayor\u00eda de las personas piensa que estupro significa que un adulto tenga relaciones sexuales con un [&hellip;]\" \/>\n<meta property=\"og:url\" content=\"https:\/\/www.vdh.virginia.gov\/statutory-rape-prevention\/paramihija\/\" \/>\n<meta property=\"og:site_name\" content=\"Statutory Rape Prevention\" \/>\n<meta property=\"article:modified_time\" content=\"2022-10-04T18:05:48+00:00\" \/>\n<meta property=\"og:image\" content=\"https:\/\/www.vdh.virginia.gov\/content\/uploads\/sites\/49\/2016\/11\/paramihija_001.png\" \/>\n<meta name=\"twitter:card\" content=\"summary_large_image\" \/>\n<meta name=\"twitter:label1\" content=\"Est. reading time\" \/>\n\t<meta name=\"twitter:data1\" content=\"3 minutes\" \/>\n<script type=\"application\/ld+json\" class=\"yoast-schema-graph\">{\"@context\":\"https:\\\/\\\/schema.org\",\"@graph\":[{\"@type\":\"WebPage\",\"@id\":\"https:\\\/\\\/www.vdh.virginia.gov\\\/statutory-rape-prevention\\\/paramihija\\\/\",\"url\":\"https:\\\/\\\/www.vdh.virginia.gov\\\/statutory-rape-prevention\\\/paramihija\\\/\",\"name\":\"Paramihija - Statutory Rape Prevention\",\"isPartOf\":{\"@id\":\"https:\\\/\\\/www.vdh.virginia.gov\\\/statutory-rape-prevention\\\/#website\"},\"primaryImageOfPage\":{\"@id\":\"https:\\\/\\\/www.vdh.virginia.gov\\\/statutory-rape-prevention\\\/paramihija\\\/#primaryimage\"},\"image\":{\"@id\":\"https:\\\/\\\/www.vdh.virginia.gov\\\/statutory-rape-prevention\\\/paramihija\\\/#primaryimage\"},\"thumbnailUrl\":\"https:\\\/\\\/www.vdh.virginia.gov\\\/content\\\/uploads\\\/sites\\\/49\\\/2016\\\/11\\\/paramihija_001.png\",\"datePublished\":\"2016-11-18T20:17:20+00:00\",\"dateModified\":\"2022-10-04T18:05:48+00:00\",\"breadcrumb\":{\"@id\":\"https:\\\/\\\/www.vdh.virginia.gov\\\/statutory-rape-prevention\\\/paramihija\\\/#breadcrumb\"},\"inLanguage\":\"en-US\",\"potentialAction\":[{\"@type\":\"ReadAction\",\"target\":[\"https:\\\/\\\/www.vdh.virginia.gov\\\/statutory-rape-prevention\\\/paramihija\\\/\"]}]},{\"@type\":\"ImageObject\",\"inLanguage\":\"en-US\",\"@id\":\"https:\\\/\\\/www.vdh.virginia.gov\\\/statutory-rape-prevention\\\/paramihija\\\/#primaryimage\",\"url\":\"https:\\\/\\\/www.vdh.virginia.gov\\\/content\\\/uploads\\\/sites\\\/49\\\/2016\\\/11\\\/paramihija_001.png\",\"contentUrl\":\"https:\\\/\\\/www.vdh.virginia.gov\\\/content\\\/uploads\\\/sites\\\/49\\\/2016\\\/11\\\/paramihija_001.png\"},{\"@type\":\"BreadcrumbList\",\"@id\":\"https:\\\/\\\/www.vdh.virginia.gov\\\/statutory-rape-prevention\\\/paramihija\\\/#breadcrumb\",\"itemListElement\":[{\"@type\":\"ListItem\",\"position\":1,\"name\":\"Home\",\"item\":\"https:\\\/\\\/www.vdh.virginia.gov\\\/statutory-rape-prevention\\\/\"},{\"@type\":\"ListItem\",\"position\":2,\"name\":\"Paramihija\"}]},{\"@type\":\"WebSite\",\"@id\":\"https:\\\/\\\/www.vdh.virginia.gov\\\/statutory-rape-prevention\\\/#website\",\"url\":\"https:\\\/\\\/www.vdh.virginia.gov\\\/statutory-rape-prevention\\\/\",\"name\":\"Statutory Rape Prevention\",\"description\":\"\",\"potentialAction\":[{\"@type\":\"SearchAction\",\"target\":{\"@type\":\"EntryPoint\",\"urlTemplate\":\"https:\\\/\\\/www.vdh.virginia.gov\\\/statutory-rape-prevention\\\/?s={search_term_string}\"},\"query-input\":{\"@type\":\"PropertyValueSpecification\",\"valueRequired\":true,\"valueName\":\"search_term_string\"}}],\"inLanguage\":\"en-US\"}]}<\/script>\n<!-- \/ Yoast SEO plugin. -->","yoast_head_json":{"title":"Paramihija - Statutory Rape Prevention","robots":{"index":"index","follow":"follow","max-snippet":"max-snippet:-1","max-image-preview":"max-image-preview:large","max-video-preview":"max-video-preview:-1"},"canonical":"https:\/\/www.vdh.virginia.gov\/statutory-rape-prevention\/paramihija\/","og_locale":"en_US","og_type":"article","og_title":"Paramihija - Statutory Rape Prevention","og_description":"Las campa\u00f1as de Gracias Pap\u00e1 y Paramihija abordan el problema del estupro y la coerci\u00f3n sexual en la poblaci\u00f3n latina (es importante observar que este es un problema que afecta a todas las razas y etnias de Virginia). La mayor\u00eda de las personas piensa que estupro significa que un adulto tenga relaciones sexuales con un [&hellip;]","og_url":"https:\/\/www.vdh.virginia.gov\/statutory-rape-prevention\/paramihija\/","og_site_name":"Statutory Rape Prevention","article_modified_time":"2022-10-04T18:05:48+00:00","og_image":[{"url":"https:\/\/www.vdh.virginia.gov\/content\/uploads\/sites\/49\/2016\/11\/paramihija_001.png","type":"","width":"","height":""}],"twitter_card":"summary_large_image","twitter_misc":{"Est. reading time":"3 minutes"},"schema":{"@context":"https:\/\/schema.org","@graph":[{"@type":"WebPage","@id":"https:\/\/www.vdh.virginia.gov\/statutory-rape-prevention\/paramihija\/","url":"https:\/\/www.vdh.virginia.gov\/statutory-rape-prevention\/paramihija\/","name":"Paramihija - Statutory Rape Prevention","isPartOf":{"@id":"https:\/\/www.vdh.virginia.gov\/statutory-rape-prevention\/#website"},"primaryImageOfPage":{"@id":"https:\/\/www.vdh.virginia.gov\/statutory-rape-prevention\/paramihija\/#primaryimage"},"image":{"@id":"https:\/\/www.vdh.virginia.gov\/statutory-rape-prevention\/paramihija\/#primaryimage"},"thumbnailUrl":"https:\/\/www.vdh.virginia.gov\/content\/uploads\/sites\/49\/2016\/11\/paramihija_001.png","datePublished":"2016-11-18T20:17:20+00:00","dateModified":"2022-10-04T18:05:48+00:00","breadcrumb":{"@id":"https:\/\/www.vdh.virginia.gov\/statutory-rape-prevention\/paramihija\/#breadcrumb"},"inLanguage":"en-US","potentialAction":[{"@type":"ReadAction","target":["https:\/\/www.vdh.virginia.gov\/statutory-rape-prevention\/paramihija\/"]}]},{"@type":"ImageObject","inLanguage":"en-US","@id":"https:\/\/www.vdh.virginia.gov\/statutory-rape-prevention\/paramihija\/#primaryimage","url":"https:\/\/www.vdh.virginia.gov\/content\/uploads\/sites\/49\/2016\/11\/paramihija_001.png","contentUrl":"https:\/\/www.vdh.virginia.gov\/content\/uploads\/sites\/49\/2016\/11\/paramihija_001.png"},{"@type":"BreadcrumbList","@id":"https:\/\/www.vdh.virginia.gov\/statutory-rape-prevention\/paramihija\/#breadcrumb","itemListElement":[{"@type":"ListItem","position":1,"name":"Home","item":"https:\/\/www.vdh.virginia.gov\/statutory-rape-prevention\/"},{"@type":"ListItem","position":2,"name":"Paramihija"}]},{"@type":"WebSite","@id":"https:\/\/www.vdh.virginia.gov\/statutory-rape-prevention\/#website","url":"https:\/\/www.vdh.virginia.gov\/statutory-rape-prevention\/","name":"Statutory Rape Prevention","description":"","potentialAction":[{"@type":"SearchAction","target":{"@type":"EntryPoint","urlTemplate":"https:\/\/www.vdh.virginia.gov\/statutory-rape-prevention\/?s={search_term_string}"},"query-input":{"@type":"PropertyValueSpecification","valueRequired":true,"valueName":"search_term_string"}}],"inLanguage":"en-US"}]}},"_links":{"self":[{"href":"https:\/\/www.vdh.virginia.gov\/statutory-rape-prevention\/wp-json\/wp\/v2\/pages\/15","targetHints":{"allow":["GET"]}}],"collection":[{"href":"https:\/\/www.vdh.virginia.gov\/statutory-rape-prevention\/wp-json\/wp\/v2\/pages"}],"about":[{"href":"https:\/\/www.vdh.virginia.gov\/statutory-rape-prevention\/wp-json\/wp\/v2\/types\/page"}],"author":[{"embeddable":true,"href":"https:\/\/www.vdh.virginia.gov\/statutory-rape-prevention\/wp-json\/wp\/v2\/users\/55"}],"replies":[{"embeddable":true,"href":"https:\/\/www.vdh.virginia.gov\/statutory-rape-prevention\/wp-json\/wp\/v2\/comments?post=15"}],"version-history":[{"count":6,"href":"https:\/\/www.vdh.virginia.gov\/statutory-rape-prevention\/wp-json\/wp\/v2\/pages\/15\/revisions"}],"predecessor-version":[{"id":49,"href":"https:\/\/www.vdh.virginia.gov\/statutory-rape-prevention\/wp-json\/wp\/v2\/pages\/15\/revisions\/49"}],"wp:attachment":[{"href":"https:\/\/www.vdh.virginia.gov\/statutory-rape-prevention\/wp-json\/wp\/v2\/media?parent=15"}],"wp:term":[{"taxonomy":"post_tag","embeddable":true,"href":"https:\/\/www.vdh.virginia.gov\/statutory-rape-prevention\/wp-json\/wp\/v2\/tags?post=15"}],"curies":[{"name":"wp","href":"https:\/\/api.w.org\/{rel}","templated":true}]}}